*2 - i + 18. Give x(15).
228
Let y(m) = 21*m**3 + 84*m**2 - 129*m - 518. Give y(-4).
-2
Let o(y) = -y**3 - y**2 + 34*y - 97. Calculate o(3).
-31
Let j(v) = v**3 - v**2 + 2*v + 13. Calculate j(3).
37
Let k(l) = 503*l - 13548. Determine k(27).
33
Let t(i) = -148*i**2 + 33*i + 34. What is t(-1)?
-147
Let s(p) = 7*p**3 + 4*p**2 + 3*p + 8. Determine s(-2).
-38
Let w(m) = m**2 + 334*m + 662. Calculate w(-2).
-2
Let n(l) = -1001*l**2 - 8006*l + 9. Determine n(-8).
-7
Let s(v) = v**3 - 41*v**2 - 515*v + 265. Give s(51).
10
Let n(j) = -j**3 + 27*j**2 - 33*j - 420. What is n(25)?
5
Let v(o) = -o**3 + 8*o**2 - 3*o + 3. Give v(10).
-227
Let i(t) = 2*t**3 - 9*t**2 + 39*t - 124. What is i(6)?
218
Let l(k) = -k**3 + 33*k**2 - 179*k - 48. Determine l(26).
30
Let u(f) = f**3 - 15*f**2 - 22*f - 11. Determine u(16).
-107
Let f(p) = -800*p + 1586. What is f(2)?
-14
Let k(t) = -t**3 - t**2 + 240*t - 12. Give k(-15).
-462
Let z(i) = -18*i - 38. Calculate z(-2).
-2
Let h(f) = -f**3 + 16*f**2 + 740*f - 12678. Calculate h(18).
-6
Let s(o) = -5*o**3 - 3*o**2 + 265*o + 1. Give s(7).
-6
Let g(f) = -4*f**3 - 23*f**2 - 4*f - 115. Give g(-6).
-55
Let a(w) = -w**2 - 2*w - 26. Give a(-14).
-194
Let z(a) = a**2 + 30*a - 208. What is z(-36)?
8
Let s(h) = 22*h**2 - 153*h - 22. What is s(7)?
-15
Let h(i) = -3*i**2 + 113*i + 105. Give h(37).
179
Let g(b) = -3*b**2 - 46*b - 34. Determine g(-13).
57
Let j(g) = g**3 + 24*g**2 + 19*g - 106. Give j(-23).
-14
Let n(u) = u**2 - 2366*u - 54938. What is n(-23)?
9
Let h(c) = 6*c**2 - 2*c + 2. Give h(-2).
30
Let t(z) = -z**3 - 33*z**2 + 39*z + 179. Calculate t(-34).
9
Let l(v) = 1958*v - 6. Calculate l(0).
-6
Let g(s) = 33*s - 503. What is g(16)?
25
Let s(c) = c**2 - 437*c - 11501. Give s(-25).
49
Let f(s) = 20*s**2 - 9*s. Calculate f(4).
284
Let y(f) = 477*f + 2859. Calculate y(-6).
-3
Let t(v) = 125*v + 8118. Calculate t(-65).
-7
Let a(n) = 3*n - 280. Give a(108).
44
Let i(g) = 3*g**3 + 27*g**2 - 6*g - 53. Determine i(-9).
1
Let a(c) = 2*c**3 - 2*c**2 - 30*c + 4. Calculate a(-3).
22
Let n(z) = -z**3 + 79*z**2 - 185*z + 2365. Calculate n(77).
-22
Let c(p) = -821*p + 12326. Determine c(15).
11
Let p(u) = 381*u - 13687. Give p(36).
29
Let i(j) = 933*j + 6528. Determine i(-7).
-3
Let y(s) = s**3 + 7*s**2 - 226*s - 1165. Give y(-5).
15
Let w(m) = -2*m**3 + 8*m**2 + 44*m - 12. Give w(7).
2
Let o(i) = -57*i - 324. Give o(-6).
18
Let u(t) = -908*t - 44488. Give u(-49).
4
Let b(u) = 2*u**3 - 10*u**2 - 225*u + 1231. Give b(6).
-47
Let n(o) = 3*o**2 - 671*o - 19764. Calculate n(250).
-14
Let g(c) = 2*c**3 - 9*c**2 + 6*c - 2. What is g(-7)?
-1171
Let n(s) = 33*s + 361. Give n(-12).
-35
Let n(u) = -u**2 + 270*u + 17387. Give n(-54).
-109
Let x(o) = 247*o - 13089. Calculate x(53).
2
Let j(a) = -3*a**2 + 930*a. What is j(0)?
0
Let a(k) = -k**3 - 2*k**2 + 21*k + 73. Calculate a(-5).
43
Let k(n) = -8*n**3 + 2*n**2 + 22*n - 43. Give k(2).
-55
Let p(r) = -86*r + 45. Determine p(0).
45
Let a(u) = -18*u + 26. Determine a(5).
-64
Let f(x) = 31*x - 57. Give f(3).
36
Let r(q) = q**3 + 51*q**2 + 8*q + 393. Give r(-51).
-15
Let c(g) = -3*g**2 + 27*g + 266. Calculate c(-8).
-142
Let l(b) = 40*b + 323. Calculate l(-4).
163
Let x(f) = -f**3 - 7*f**2 - 493*f - 4012. Calculate x(-8).
-4
Let t(j) = -825*j - 1653. Determine t(-2).
-3
Let b(r) = -427*r + 12378. Determine b(29).
-5
Let w(u) = u**3 + 47*u**2 + 228*u + 8383. What is w(-46)?
11
Let s(c) = 11*c**2 + 115*c + 5. Give s(-10).
-45
Let c(w) = -w**2 + 122*w - 2352. Calculate c(98).
0
Let s(t) = -3*t**3 - 2*t**2 - 32*t - 49. What is s(-2)?
31
Let d(p) = -5*p**3 - 2*p**2 + 2*p + 4. What is d(2)?
-40
Let n(s) = -s**3 - 19*s**2 + 18*s - 65. Give n(-20).
-25
Let v(k) = k**3 + 55*k**2 - 469*k + 222. Calculate v(7).
-23
Let x(v) = -5*v**2 - 120*v - 235. Calculate x(-22).
-15
Let r(h) = -h**3 - 14*h**2 + 61*h + 166. Give r(-17).
-4
Let m(d) = -7*d**2 + 5*d - 7. What is m(3)?
-55
Let v(t) = -t**2 - 6*t + 1373. Give v(-40).
13
Let l(t) = -t**3 - 4*t - 221. Calculate l(0).
-221
Let w(n) = 816*n - 57128. What is w(70)?
-8
Let a(s) = 2*s**2 - 31*s - 179. Determine a(19).
-46
Let c(u) = 192*u + 353. Give c(-2).
-31
Let o(v) = 14*v + 128. What is o(-9)?
2
Let w(q) = -42*q + 176. Calculate w(10).
-244
Let q(y) = y**2 + 139*y + 2581. Calculate q(-25).
-269
Let v(n) = n**3 - 43*n**2 - 10*n + 386. Calculate v(43).
-44
Let w(z) = -2*z - 106. Determine w(-1).
-104
Let l(c) = c**3 - 11*c**2 + 13*c + 21. Calculate l(10).
51
Let t(l) = l + 52. Determine t(9).
61
Let t(o) = -2*o**2 - 49*o - 290. What is t(-10)?
0
Let g(f) = 21*f + 120. Calculate g(-15).
-195
Let j(c) = 22*c - 163. What is j(-25)?
-713
Let k(d) = d**2 + 6*d + 64. What is k(-8)?
80
Let x(f) = -69*f**3 - 32*f + 31. Calculate x(1).
-70
Let o(f) = -6*f**2 + 164*f - 465. What is o(24)?
15
Let c(s) = -s**3 + 53*s**2 + 54*s + 45. Determine c(54).
45
Let k(g) = 6*g - 30. What is k(15)?
60
Let y(m) = 119*m - 11. What is y(-1)?
-130
Let f(s) = -5*s**2 - 12*s + 185. What is f(5)?
0
Let n(x) = x**3 + 26*x**2 + 146*x + 14. Determine n(-18).
-22
Let s(m) = -340*m - 1691. Calculate s(-5).
9
Let a(l) = -l**2 + 27*l - 232. What is a(13)?
-50
Let t(u) = 2*u**2 + 627*u - 1891. Determine t(3).
8
Let u(a) = -11*a**2 - 598*a + 347. What is u(-55)?
-38
Let z(j) = -2*j**2 + 13*j + 326. Calculate z(17).
-31
Let g(m) = 3*m**3 - 2*m**2 - 27*m - 74. Determine g(-6).
-632
Let v(b) = b**3 - 6*b**2 - 13*b + 46. Calculate v(7).
4
Let o(n) = n**3 + 29*n**2 + 77*n + 286. Determine o(-27).
-335
Let c(o) = 105*o - 592. What is c(5)?
-67
Let l(j) = -j**3 + 34*j**2 - 235*j + 251. Determine l(25).
1
Let j(d) = 2*d**2 - 27*d + 91. Determine j(13).
78
Let d(u) = -u**2 + 13*u + 220. What is d(14)?
206
Let i(c) = -c**3 + 41*c**2 + 51*c - 389. Calculate i(42).
-11
Let s(k) = -48*k**2 + 1352*k - 227. Determine s(28).
-3
Let l(n) = n**2 + 60*n + 177. Determine l(-57).
6
Let f(x) = -x**2 - 25*x + 85. Determine f(-34).
-221
Let p(k) = 3*k**3 + 73*k**2 + 22*k - 30. Calculate p(-24).
18
Let m(c) = c**3 - 145*c**2 - 362*c + 31540. Calculate m(146).
4
Let b(c) = -4*c**3 - 184*c**2 - 145*c - 6669. Give b(-46).
1
Let t(o) = 2*o**3 + 75*o**2 - 58*o - 161. Give t(-38).
599
Let r(s) = -5*s**3 + 29*s**2 + 41*s + 16. Determine r(7).
9
Let t(z) = -13*z - 200. What is t(14)?
-382
Let c(u) = -u**2 - 1248*u + 6273. Give c(5).
8
Let y(o) = -16*o**2 + 8*o - 10. Give y(3).
-130
Let q(l) = -5*l**2 - 2*l + 64. Calculate q(-5).
-51
Let j(x) = 6*x**2 - 168*x - 179. Give j(29).
-5
Let s(w) = -18*w - 94. Determine s(-4).
-22
Let d(r) = 15*r - 151. Calculate d(8).
-31
Let a(j) = j**3 + 161*j**2 - 7323*j + 584. Give a(-198).
-10
Let k(y) = y**3 + 6*y**2 + 9*y + 48. What is k(-6)?
-6
Let l(n) = 22*n - 281. Determine l(12).
-17
Let y(l) = 35*l + 409. What is y(-11)?
24
Let a(s) = -10*s**2 - 832*s - 193. What is a(-83)?
-27
Let z(b) = 10*b**2 - 461*b - 15. What is z(46)?
-61
Let t(d) = -d**3 - 4*d**2 - 4*d - 47. What is t(-5)?
-2
Let l(b) = -239*b + 1006. Determine l(5).
-189
Let i(c) = -21*c - 93. Calculate i(-8).
75
Let m(c) = -c**3 + 27*c + 92. Determine m(-4).
48
Let y(j) = 2*j**3 - 13*j**2 - 286*j + 1749. Determine y(6).
-3
Let q(i) = i**3 - 23*i**2 - 225*i + 454. Give q(30).
4
Let p(r) = 49*r + 233. Determine p(-5).
-12
Let o(q) = -163*q - 14. What is o(-3)?
475
Let n(u) = -u**3 + 49*u**2 + 294*u + 1. Give n(-6).
217
Let g(u) = 100*u + 615. Calculate g(-8).
-185
Let j(w) = 21*w - 2017. Calculate j(100).
83
Let a(m) = -m**3 + 15*m**2 + 98*m - 17. Give a(-5).
-7
Let y(m) = -m**3 - 16*m**2 - 8*m + 54. Calculate y(-15).
-51
Let h(b) = -2*b**3 + 54*b**2 + 192*b - 2200. Determine h(29).
4
Let r(b) = -8*b**3 + 25*b**2 + 3*b + 3. Calculate r(3).
21
Let g(k) = k**2 + 173*k + 588. Determine g(-170).
78
Let v(z) = -z**2 - 24*z + 218. What is v(-32)?
-38
Let b(q) = 104*q + 738. Give b(-7).
10
Let d(x) = 296*x**2 - x + 1. Determine d(-1).
298
Let u(i) = -209*i + 48702. Give u(233).
5
Let h(f) = -25*f + 102. What is h(3)?
27
Let h(k) = -2*k**2 - 71*k + 50. Give h(-41).
-401
Let r(x) = -1173*x + 133719. Determine r(114).
-3
Let r(y) = 50*y**2 - 3062*y + 737. Give r(61).
5
Let d(m) = 2*m**3 + 28*m**2 - 6*m - 56. Calculate d(-14).
28
Let y(k) = -81*k + 4140. Give y(51).
9
Let z(f) = 5144*f - 246920. Give z(48).
-8
Let w(u) = u**2 + 120*u - 1300. Determine w